{"id":2593,"date":"2024-01-30T10:55:46","date_gmt":"2024-01-30T10:55:46","guid":{"rendered":"https:\/\/yourcloudnetwork.net\/projects\/expo_bois\/a-propos-de-wds\/"},"modified":"2026-04-30T13:49:20","modified_gmt":"2026-04-30T13:49:20","slug":"a-propos-debd","status":"publish","type":"page","link":"https:\/\/expodesign.ca\/fr\/a-propos-debd\/","title":{"rendered":"\u00c0 propos d\u2019ED"},"content":{"rendered":"\t\t<div data-elementor-type=\"wp-page\" data-elementor-id=\"2593\" class=\"elementor elementor-2593 elementor-66\" data-elementor-post-type=\"page\">\n\t\t\t\t\t\t<section class=\"elementor-section elementor-top-section elementor-element elementor-element-4f70897 elementor-section-full_width elementor-section-height-default elementor-section-height-default\" data-id=\"4f70897\" data-element_type=\"section\" data-settings=\"{&quot;background_background&quot;:&quot;classic&quot;}\">\n\t\t\t\t\t\t<div class=\"elementor-container elementor-column-gap-no\">\n\t\t\t\t\t<div class=\"elementor-column elementor-col-100 elementor-top-column elementor-element elementor-element-5c25893\" data-id=\"5c25893\" data-element_type=\"column\">\n\t\t\t<div class=\"elementor-widget-wrap elementor-element-populated\">\n\t\t\t\t\t\t<div class=\"elementor-element elementor-element-528653f elementor-widget elementor-widget-html\" data-id=\"528653f\" data-element_type=\"widget\" data-widget_type=\"html.default\">\n\t\t\t\t<div class=\"elementor-widget-container\">\n\t\t\t<section class=\"expo-travel-hero\">\r\n  <div class=\"expo-travel-hero__container\">\r\n    <div class=\"expo-travel-hero__content\">\r\n      <h1>Planifiez votre d\u00e9placement<\/h1>\r\n\r\n      <p>\r\n        Toutes les informations pratiques pour organiser votre venue \u00e0 Expo Design,\r\n        les 7 et 8 octobre 2026 au Palais des congr\u00e8s de Montr\u00e9al.\r\n      <\/p>\r\n\r\n      <div class=\"expo-travel-hero__actions\">\r\n        <a href=\"\/fr\/exposants\/\" class=\"expo-travel-btn\">Voir les exposants<\/a>\r\n      <\/div>\r\n    <\/div>\r\n\r\n    <div class=\"expo-travel-hero__media\">\r\n      <img decoding=\"async\" \r\n        src=\"https:\/\/expodesign.ca\/wp-content\/uploads\/2026\/01\/R5MK6602-scaled.jpg\" \r\n        alt=\"Vue de Montr\u00e9al ou du Palais des congr\u00e8s\"\r\n      >\r\n    <\/div>\r\n  <\/div>\r\n<\/section>\t\t<\/div>\n\t\t\t\t<\/div>\n\t\t\t\t<div class=\"elementor-element elementor-element-09d2f68 elementor-widget elementor-widget-html\" data-id=\"09d2f68\" data-element_type=\"widget\" data-widget_type=\"html.default\">\n\t\t\t\t<div class=\"elementor-widget-container\">\n\t\t\t<section class=\"expo-about-definition\">\r\n  <div class=\"expo-about-definition__inner\">\r\n    <div class=\"expo-about-definition__left\">\r\n      <p class=\"expo-about-definition__eyebrow\"><\/p>\r\n      <h2 class=\"expo-about-definition__title\">\r\n        Un salon professionnel enti\u00e8rement consacr\u00e9 aux mat\u00e9riaux, aux innovations et aux rencontres d\u2019affaires\r\n      <\/h2>\r\n    <\/div>\r\n\r\n    <div class=\"expo-about-definition__right\">\r\n      <p>\r\n        Expo Design a \u00e9t\u00e9 pens\u00e9 pour les entreprises qui souhaitent mettre en valeur leurs nouveaut\u00e9s, lancer des produits et rencontrer une audience qualifi\u00e9e compos\u00e9e de professionnels du design et de la fabrication.\r\n      <\/p>\r\n      <p>\r\n    Les visiteurs auront la chance de rencontrer plus de 100 exposants dont plusieurs offrent des produits novateurs dans le domaine de la peinture, du papier peint, du quartz et pierres, des luminaires, des meubles haut de gamme, etc.\r\n      <\/p>\r\n       <p>\r\n    C\u2019est l\u2019occasion de d\u00e9couvrir les tendances, d\u2019\u00e9changer et de faire \u00e9voluer vos projets.\r\n\r\n      <\/p>\r\n    <\/div>\r\n  <\/div>\r\n<\/section>\t\t<\/div>\n\t\t\t\t<\/div>\n\t\t\t\t<div class=\"elementor-element elementor-element-b944ca8 elementor-widget elementor-widget-html\" data-id=\"b944ca8\" data-element_type=\"widget\" data-widget_type=\"html.default\">\n\t\t\t\t<div class=\"elementor-widget-container\">\n\t\t\t<section class=\"expo-figures\">\r\n  <div class=\"expo-figures__inner\">\r\n\r\n    <div class=\"expo-figures__intro\">\r\n      <p class=\"expo-figures__eyebrow\"><\/p>\r\n      <h2 class=\"expo-figures__title\">Expo Design en chiffres<\/h2>\r\n    <\/div>\r\n\r\n    <div class=\"expo-figures__grid\">\r\n\r\n      <article class=\"expo-figures__card expo-figures__card--large\">\r\n        <span class=\"expo-figures__number\">100+<\/span>\r\n        <p class=\"expo-figures__label\">exposants<\/p>\r\n        <p class=\"expo-figures__text\">\r\n          Des marques, fabricants et partenaires qui fa\u00e7onnent l\u2019industrie.\r\n        <\/p>\r\n      <\/article>\r\n\r\n      <article class=\"expo-figures__card\">\r\n        <span class=\"expo-figures__number\">3500+<\/span>\r\n        <p class=\"expo-figures__label\">visiteurs<\/p>\r\n        <p class=\"expo-figures__text\">\r\n          Une audience compos\u00e9e de professionnels du design, de l\u2019architecture et de la fabrication.\r\n        <\/p>\r\n      <\/article>\r\n\r\n      <article class=\"expo-figures__card\">\r\n        <span class=\"expo-figures__number\">2<\/span>\r\n        <p class=\"expo-figures__label\">jours<\/p>\r\n        <p class=\"expo-figures__text\">\r\n          Deux journ\u00e9es d\u2019\u00e9changes, de d\u00e9couvertes et d\u2019occasions d\u2019affaires.\r\n        <\/p>\r\n      <\/article>\r\n\r\n      <article class=\"expo-figures__card expo-figures__card--accent\">\r\n        <span class=\"expo-figures__number\">11e<\/span>\r\n        <p class=\"expo-figures__label\">\u00e9dition<\/p>\r\n        <p class=\"expo-figures__text\">\r\n         Expo Design se r\u00e9invente d\u2019ann\u00e9e en ann\u00e9e afin d\u2019offrir une exp\u00e9rience des plus remarquables.\r\n        <\/p>\r\n      <\/article>\r\n\r\n    <\/div>\r\n\r\n  <\/div>\r\n<\/section>\t\t<\/div>\n\t\t\t\t<\/div>\n\t\t\t\t<div class=\"elementor-element elementor-element-4b2abd4 elementor-widget elementor-widget-html\" data-id=\"4b2abd4\" data-element_type=\"widget\" data-widget_type=\"html.default\">\n\t\t\t\t<div class=\"elementor-widget-container\">\n\t\t\t<section class=\"expo-about-video\">\r\n  <div class=\"expo-about-video__inner\">\r\n    <div class=\"expo-about-video__intro\">\r\n      <p class=\"expo-about-video__eyebrow\"><\/p>\r\n      <h2 class=\"expo-about-video__title\">\r\n        Revivez l\u2019intensit\u00e9 de l\u2019\u00e9dition 2025\r\n      <\/h2>\r\n      <p class=\"expo-about-video__text\">\r\n      Des rencontres, des innovations et une \u00e9nergie qui refl\u00e8tent pleinement l\u2019ambiance d\u2019Expo Design.\r\n      <\/p>\r\n    <\/div>\r\n\r\n    <div class=\"expo-about-video__frame\">\r\n      <iframe \r\n        src=\"https:\/\/player.vimeo.com\/video\/1152616177?h=76dd19d682&badge=0&autopause=0\"\r\n        allow=\"autoplay; fullscreen; picture-in-picture\"\r\n        allowfullscreen\r\n        title=\"Expo Design 2025\">\r\n      <\/iframe>\r\n    <\/div>\r\n  <\/div>\r\n<\/section>\t\t<\/div>\n\t\t\t\t<\/div>\n\t\t\t\t<div class=\"elementor-element elementor-element-d29df72 elementor-widget elementor-widget-html\" data-id=\"d29df72\" data-element_type=\"widget\" data-widget_type=\"html.default\">\n\t\t\t\t<div class=\"elementor-widget-container\">\n\t\t\t<a href=\"https:\/\/dashboard.pairconnex.app\/\/inscription\/form?id=76791dea-02a0-456a-a7a2-c290176b604c\" class=\"expo-floating-btn\" id=\"expoFloatingBtn\">\r\n R\u00e9server votre place\r\n<\/a>\t\t<\/div>\n\t\t\t\t<\/div>\n\t\t\t\t\t<\/div>\n\t\t<\/div>\n\t\t\t\t\t<\/div>\n\t\t<\/section>\n\t\t\t\t<\/div>\n\t\t","protected":false},"excerpt":{"rendered":"<p>Planifiez votre d\u00e9placement Toutes les informations pratiques pour organiser votre venue \u00e0 Expo Design, les 7 et 8 octobre 2026 au Palais des congr\u00e8s de Montr\u00e9al. Voir les exposants Un salon professionnel enti\u00e8rement consacr\u00e9 aux mat\u00e9riaux, aux innovations et aux rencontres d\u2019affaires Expo Design a \u00e9t\u00e9 pens\u00e9 pour les entreprises qui souhaitent mettre en valeur [&hellip;]<\/p>\n","protected":false},"author":1,"featured_media":0,"parent":0,"menu_order":0,"comment_status":"closed","ping_status":"closed","template":"elementor_header_footer","meta":{"footnotes":""},"class_list":["post-2593","page","type-page","status-publish","hentry"],"_links":{"self":[{"href":"https:\/\/expodesign.ca\/fr\/wp-json\/wp\/v2\/pages\/2593","targetHints":{"allow":["GET"]}}],"collection":[{"href":"https:\/\/expodesign.ca\/fr\/wp-json\/wp\/v2\/pages"}],"about":[{"href":"https:\/\/expodesign.ca\/fr\/wp-json\/wp\/v2\/types\/page"}],"author":[{"embeddable":true,"href":"https:\/\/expodesign.ca\/fr\/wp-json\/wp\/v2\/users\/1"}],"replies":[{"embeddable":true,"href":"https:\/\/expodesign.ca\/fr\/wp-json\/wp\/v2\/comments?post=2593"}],"version-history":[{"count":55,"href":"https:\/\/expodesign.ca\/fr\/wp-json\/wp\/v2\/pages\/2593\/revisions"}],"predecessor-version":[{"id":7876,"href":"https:\/\/expodesign.ca\/fr\/wp-json\/wp\/v2\/pages\/2593\/revisions\/7876"}],"wp:attachment":[{"href":"https:\/\/expodesign.ca\/fr\/wp-json\/wp\/v2\/media?parent=2593"}],"curies":[{"name":"wp","href":"https:\/\/api.w.org\/{rel}","templated":true}]}}

À propos d’ED

<div data-elementor-type="wp-page" data-elementor-id="2593" class="elementor elementor-2593 elementor-66" data-elementor-post-type="page">
						<section class="elementor-section elementor-top-section elementor-element elementor-element-4f70897 elementor-section-full_width elementor-section-height-default elementor-section-height-default" data-id="4f70897" data-element_type="section" data-settings="{&quot;background_background&quot;:&quot;classic&quot;}">
						<div class="elementor-container elementor-column-gap-no">
					<div class="elementor-column elementor-col-100 elementor-top-column elementor-element elementor-element-5c25893" data-id="5c25893" data-element_type="column">
			<div class="elementor-widget-wrap elementor-element-populated">
						<div class="elementor-element elementor-element-528653f elementor-widget elementor-widget-html" data-id="528653f" data-element_type="widget" data-widget_type="html.default">
				<div class="elementor-widget-container">
			<section class="expo-travel-hero">
  <div class="expo-travel-hero__container">
    <div class="expo-travel-hero__content">
      <h1>Planifiez votre déplacement</h1>

      <p>
        Toutes les informations pratiques pour organiser votre venue à Expo Design,
        les 7 et 8 octobre 2026 au Palais des congrès de Montréal.
      </p>

      <div class="expo-travel-hero__actions">
        <a href="/fr/exposants/" class="expo-travel-btn">Voir les exposants</a>
      </div>
    </div>

    <div class="expo-travel-hero__media">
      <img decoding="async" 
        src="https://expodesign.ca/wp-content/uploads/2026/01/R5MK6602-scaled.jpg" 
        alt="Vue de Montréal ou du Palais des congrès"
      >
    </div>
  </div>
</section>		</div>
				</div>
				<div class="elementor-element elementor-element-09d2f68 elementor-widget elementor-widget-html" data-id="09d2f68" data-element_type="widget" data-widget_type="html.default">
				<div class="elementor-widget-container">
			<section class="expo-about-definition">
  <div class="expo-about-definition__inner">
    <div class="expo-about-definition__left">
      <p class="expo-about-definition__eyebrow"></p>
      <h2 class="expo-about-definition__title">
        Un salon professionnel entièrement consacré aux matériaux, aux innovations et aux rencontres d’affaires
      </h2>
    </div>

    <div class="expo-about-definition__right">
      <p>
        Expo Design a été pensé pour les entreprises qui souhaitent mettre en valeur leurs nouveautés, lancer des produits et rencontrer une audience qualifiée composée de professionnels du design et de la fabrication.
      </p>
      <p>
    Les visiteurs auront la chance de rencontrer plus de 100 exposants dont plusieurs offrent des produits novateurs dans le domaine de la peinture, du papier peint, du quartz et pierres, des luminaires, des meubles haut de gamme, etc.
      </p>
       <p>
    C’est l’occasion de découvrir les tendances, d’échanger et de faire évoluer vos projets.

      </p>
    </div>
  </div>
</section>		</div>
				</div>
				<div class="elementor-element elementor-element-b944ca8 elementor-widget elementor-widget-html" data-id="b944ca8" data-element_type="widget" data-widget_type="html.default">
				<div class="elementor-widget-container">
			<section class="expo-figures">
  <div class="expo-figures__inner">

    <div class="expo-figures__intro">
      <p class="expo-figures__eyebrow"></p>
      <h2 class="expo-figures__title">Expo Design en chiffres</h2>
    </div>

    <div class="expo-figures__grid">

      <article class="expo-figures__card expo-figures__card--large">
        <span class="expo-figures__number">100+</span>
        <p class="expo-figures__label">exposants</p>
        <p class="expo-figures__text">
          Des marques, fabricants et partenaires qui façonnent l’industrie.
        </p>
      </article>

      <article class="expo-figures__card">
        <span class="expo-figures__number">3500+</span>
        <p class="expo-figures__label">visiteurs</p>
        <p class="expo-figures__text">
          Une audience composée de professionnels du design, de l’architecture et de la fabrication.
        </p>
      </article>

      <article class="expo-figures__card">
        <span class="expo-figures__number">2</span>
        <p class="expo-figures__label">jours</p>
        <p class="expo-figures__text">
          Deux journées d’échanges, de découvertes et d’occasions d’affaires.
        </p>
      </article>

      <article class="expo-figures__card expo-figures__card--accent">
        <span class="expo-figures__number">11e</span>
        <p class="expo-figures__label">édition</p>
        <p class="expo-figures__text">
         Expo Design se réinvente d’année en année afin d’offrir une expérience des plus remarquables.
        </p>
      </article>

    </div>

  </div>
</section>		</div>
				</div>
				<div class="elementor-element elementor-element-4b2abd4 elementor-widget elementor-widget-html" data-id="4b2abd4" data-element_type="widget" data-widget_type="html.default">
				<div class="elementor-widget-container">
			<section class="expo-about-video">
  <div class="expo-about-video__inner">
    <div class="expo-about-video__intro">
      <p class="expo-about-video__eyebrow"></p>
      <h2 class="expo-about-video__title">
        Revivez l’intensité de l’édition 2025
      </h2>
      <p class="expo-about-video__text">
      Des rencontres, des innovations et une énergie qui reflètent pleinement l’ambiance d’Expo Design.
      </p>
    </div>

    <div class="expo-about-video__frame">
      <iframe 
        src="https://player.vimeo.com/video/1152616177?h=76dd19d682&badge=0&autopause=0"
        allow="autoplay; fullscreen; picture-in-picture"
        allowfullscreen
        title="Expo Design 2025">
      </iframe>
    </div>
  </div>
</section>		</div>
				</div>
				<div class="elementor-element elementor-element-d29df72 elementor-widget elementor-widget-html" data-id="d29df72" data-element_type="widget" data-widget_type="html.default">
				<div class="elementor-widget-container">
			<a href="https://dashboard.pairconnex.app//inscription/form?id=76791dea-02a0-456a-a7a2-c290176b604c" class="expo-floating-btn" id="expoFloatingBtn">
 Réserver votre place
</a>		</div>
				</div>
					</div>
		</div>
					</div>
		</section>
				</div>

<p>Planifiez votre déplacement Toutes les informations pratiques pour organiser votre venue à Expo Design, les 7 et 8 octobre 2026 au Palais des congrès de Montréal. Voir les exposants Un salon professionnel entièrement consacré aux matériaux, aux innovations et aux rencontres d’affaires Expo Design a été pensé pour les entreprises qui souhaitent mettre en valeur [&hellip;]</p>
